{"id":806,"date":"2023-01-15T22:18:51","date_gmt":"2023-01-15T22:18:51","guid":{"rendered":"https:\/\/www.esmcargaleiro.pt\/multimedia\/biblioteca\/?page_id=806"},"modified":"2023-06-27T09:23:53","modified_gmt":"2023-06-27T09:23:53","slug":"806-2","status":"publish","type":"page","link":"https:\/\/www.esmcargaleiro.pt\/multimedia\/biblioteca\/","title":{"rendered":"Novidades"},"content":{"rendered":"\n<div class=\"eb-parent-wrapper eb-parent-eb-post-grid-7tnzrg2 \">\n    <div\n        class=\"eb-post-grid-wrapper eb-post-grid-7tnzrg2 style-1 \"\n        data-id=\"eb-post-grid-7tnzrg2\"\n        data-querydata=\"a:13:{s:6:&quot;source&quot;;s:4:&quot;post&quot;;s:11:&quot;sourceIndex&quot;;i:0;s:9:&quot;rest_base&quot;;s:5:&quot;posts&quot;;s:14:&quot;rest_namespace&quot;;s:5:&quot;wp\/v2&quot;;s:6:&quot;author&quot;;s:0:&quot;&quot;;s:10:&quot;taxonomies&quot;;a:1:{s:8:&quot;category&quot;;a:5:{s:4:&quot;name&quot;;s:10:&quot;Categorias&quot;;s:9:&quot;rest_base&quot;;s:10:&quot;categories&quot;;s:14:&quot;rest_namespace&quot;;s:5:&quot;wp\/v2&quot;;s:4:&quot;slug&quot;;s:8:&quot;category&quot;;s:5:&quot;value&quot;;s:33:&quot;[{&quot;value&quot;:4,&quot;label&quot;:&quot;Novidades&quot;}]&quot;;}}s:8:&quot;per_page&quot;;s:1:&quot;9&quot;;s:6:&quot;offset&quot;;s:1:&quot;0&quot;;s:7:&quot;orderby&quot;;s:4:&quot;date&quot;;s:5:&quot;order&quot;;s:4:&quot;desc&quot;;s:7:&quot;include&quot;;s:0:&quot;&quot;;s:7:&quot;exclude&quot;;s:0:&quot;&quot;;s:15:&quot;exclude_current&quot;;b:0;}\"\n        data-attributes=\"a:14:{s:13:&quot;thumbnailSize&quot;;s:0:&quot;&quot;;s:6:&quot;preset&quot;;s:7:&quot;style-1&quot;;s:13:&quot;showThumbnail&quot;;b:1;s:9:&quot;showTitle&quot;;b:1;s:11:&quot;titleLength&quot;;s:0:&quot;&quot;;s:8:&quot;titleTag&quot;;s:2:&quot;h2&quot;;s:11:&quot;showContent&quot;;b:1;s:13:&quot;contentLength&quot;;i:20;s:18:&quot;expansionIndicator&quot;;s:3:&quot;...&quot;;s:12:&quot;showReadMore&quot;;b:1;s:12:&quot;readmoreText&quot;;s:8:&quot;Ler mais&quot;;s:8:&quot;showMeta&quot;;b:0;s:10:&quot;headerMeta&quot;;s:45:&quot;[{&quot;value&quot;:&quot;categories&quot;,&quot;label&quot;:&quot;Categories&quot;}]&quot;;s:10:&quot;footerMeta&quot;;s:127:&quot;[{&quot;value&quot;:&quot;avatar&quot;,&quot;label&quot;:&quot;Author Avatar&quot;},{&quot;value&quot;:&quot;author&quot;,&quot;label&quot;:&quot;Author Name&quot;},{&quot;value&quot;:&quot;date&quot;,&quot;label&quot;:&quot;Published Date&quot;}]&quot;;}\">\n\n        <div class=\"eb-post-grid-category-filter\" data-ebpgTaxonomy=\"category\">\n    <ul class=\"ebpg-category-filter-list\">\n        <li class=\"ebpg-category-filter-list-item \" data-ebpgCategory=\"novidades\">Novidades<\/li>    <\/ul>\n<\/div>\n<article class=\"ebpg-grid-post ebpg-post-grid-column\" data-id=\"1467\"><div class=\"ebpg-grid-post-holder\"><div class=\"ebpg-entry-media\">\n                <div class=\"ebpg-entry-thumbnail\">\n                    <a class=\"ebpg-post-link-wrapper\" href=\"https:\/\/www.esmcargaleiro.pt\/multimedia\/biblioteca\/2023\/06\/27\/aescolamexe-6-marco\/\"><\/a>\n                    <img decoding=\"async\" width=\"1920\" height=\"2560\" src=\"https:\/\/www.esmcargaleiro.pt\/multimedia\/biblioteca\/wp-content\/uploads\/2023\/06\/IMG_20230306_090347-scaled.jpg\" class=\"attachment- size- wp-post-image\" alt=\"\" loading=\"lazy\" \/>\n                <\/div>\n            <\/div><div class=\"ebpg-entry-wrapper\"><header class=\"ebpg-entry-header\">\n            <h2 class=\"ebpg-entry-title\">\n                <a class=\"ebpg-grid-post-link\" href=\"https:\/\/www.esmcargaleiro.pt\/multimedia\/biblioteca\/2023\/06\/27\/aescolamexe-6-marco\/\" title=\"AESCOLAMEXE - 6 mar\u00e7o\">AESCOLAMEXE &#8211; 6 mar\u00e7o<\/a>\n            <\/h2>\n        <\/header><div class=\"ebpg-entry-content\"><div class=\"ebpg-grid-post-excerpt\">\n            <p>Parceria entre a BE e o Gabinete da Juventude da CMS&#8230;<\/p>\n        <\/div><div class=\"ebpg-readmore-btn\">\n            <a href=\"https:\/\/www.esmcargaleiro.pt\/multimedia\/biblioteca\/2023\/06\/27\/aescolamexe-6-marco\/\">Ler mais<\/a>\n        <\/div><\/div><\/div><\/div><\/article><article class=\"ebpg-grid-post ebpg-post-grid-column\" data-id=\"1468\"><div class=\"ebpg-grid-post-holder\"><div class=\"ebpg-entry-media\">\n                <div class=\"ebpg-entry-thumbnail\">\n                    <a class=\"ebpg-post-link-wrapper\" href=\"https:\/\/www.esmcargaleiro.pt\/multimedia\/biblioteca\/2023\/06\/27\/escola-a-ler-3\/\"><\/a>\n                    <img decoding=\"async\" width=\"1920\" height=\"2560\" src=\"https:\/\/www.esmcargaleiro.pt\/multimedia\/biblioteca\/wp-content\/uploads\/2023\/06\/7o-ano-2-scaled.jpg\" class=\"attachment- size- wp-post-image\" alt=\"\" loading=\"lazy\" \/>\n                <\/div>\n            <\/div><div class=\"ebpg-entry-wrapper\"><header class=\"ebpg-entry-header\">\n            <h2 class=\"ebpg-entry-title\">\n                <a class=\"ebpg-grid-post-link\" href=\"https:\/\/www.esmcargaleiro.pt\/multimedia\/biblioteca\/2023\/06\/27\/escola-a-ler-3\/\" title=\"Escola a Ler\">Escola a Ler<\/a>\n            <\/h2>\n        <\/header><div class=\"ebpg-entry-content\"><div class=\"ebpg-grid-post-excerpt\">\n            <p>Sess\u00f5es de promo\u00e7\u00e3o do livro e da leitura&#8230;<\/p>\n        <\/div><div class=\"ebpg-readmore-btn\">\n            <a href=\"https:\/\/www.esmcargaleiro.pt\/multimedia\/biblioteca\/2023\/06\/27\/escola-a-ler-3\/\">Ler mais<\/a>\n        <\/div><\/div><\/div><\/div><\/article><article class=\"ebpg-grid-post ebpg-post-grid-column\" data-id=\"1461\"><div class=\"ebpg-grid-post-holder\"><div class=\"ebpg-entry-media\">\n                <div class=\"ebpg-entry-thumbnail\">\n                    <a class=\"ebpg-post-link-wrapper\" href=\"https:\/\/www.esmcargaleiro.pt\/multimedia\/biblioteca\/2023\/06\/27\/a-literatura-e-as-outras-artes-16-de-marco\/\"><\/a>\n                    <img decoding=\"async\" width=\"2560\" height=\"1920\" src=\"https:\/\/www.esmcargaleiro.pt\/multimedia\/biblioteca\/wp-content\/uploads\/2023\/06\/IMG_20230316_102502-scaled.jpg\" class=\"attachment- size- wp-post-image\" alt=\"\" loading=\"lazy\" \/>\n                <\/div>\n            <\/div><div class=\"ebpg-entry-wrapper\"><header class=\"ebpg-entry-header\">\n            <h2 class=\"ebpg-entry-title\">\n                <a class=\"ebpg-grid-post-link\" href=\"https:\/\/www.esmcargaleiro.pt\/multimedia\/biblioteca\/2023\/06\/27\/a-literatura-e-as-outras-artes-16-de-marco\/\" title=\"A Literatura e as outras artes - 16 de mar\u00e7o\">A Literatura e as outras artes &#8211; 16 de mar\u00e7o<\/a>\n            <\/h2>\n        <\/header><div class=\"ebpg-entry-content\"><div class=\"ebpg-grid-post-excerpt\">\n            <p>16 de mar\u00e7o, a comemora\u00e7\u00e3o do Dia do Patrono &#8230;<\/p>\n        <\/div><div class=\"ebpg-readmore-btn\">\n            <a href=\"https:\/\/www.esmcargaleiro.pt\/multimedia\/biblioteca\/2023\/06\/27\/a-literatura-e-as-outras-artes-16-de-marco\/\">Ler mais<\/a>\n        <\/div><\/div><\/div><\/div><\/article><article class=\"ebpg-grid-post ebpg-post-grid-column\" data-id=\"1443\"><div class=\"ebpg-grid-post-holder\"><div class=\"ebpg-entry-media\">\n                <div class=\"ebpg-entry-thumbnail\">\n                    <a class=\"ebpg-post-link-wrapper\" href=\"https:\/\/www.esmcargaleiro.pt\/multimedia\/biblioteca\/2023\/06\/27\/sarau-literario-semana-da-leitura\/\"><\/a>\n                    <img decoding=\"async\" width=\"2560\" height=\"1920\" src=\"https:\/\/www.esmcargaleiro.pt\/multimedia\/biblioteca\/wp-content\/uploads\/2023\/06\/IMG_20230331_172847-scaled.jpg\" class=\"attachment- size- wp-post-image\" alt=\"\" loading=\"lazy\" \/>\n                <\/div>\n            <\/div><div class=\"ebpg-entry-wrapper\"><header class=\"ebpg-entry-header\">\n            <h2 class=\"ebpg-entry-title\">\n                <a class=\"ebpg-grid-post-link\" href=\"https:\/\/www.esmcargaleiro.pt\/multimedia\/biblioteca\/2023\/06\/27\/sarau-literario-semana-da-leitura\/\" title=\"Sarau liter\u00e1rio-Semana da Leitura\">Sarau liter\u00e1rio-Semana da Leitura<\/a>\n            <\/h2>\n        <\/header><div class=\"ebpg-entry-content\"><div class=\"ebpg-grid-post-excerpt\">\n            <p>Sarau Liter\u00e1rio&#8230;<\/p>\n        <\/div><div class=\"ebpg-readmore-btn\">\n            <a href=\"https:\/\/www.esmcargaleiro.pt\/multimedia\/biblioteca\/2023\/06\/27\/sarau-literario-semana-da-leitura\/\">Ler mais<\/a>\n        <\/div><\/div><\/div><\/div><\/article><article class=\"ebpg-grid-post ebpg-post-grid-column\" data-id=\"1437\"><div class=\"ebpg-grid-post-holder\"><div class=\"ebpg-entry-media\">\n                <div class=\"ebpg-entry-thumbnail\">\n                    <a class=\"ebpg-post-link-wrapper\" href=\"https:\/\/www.esmcargaleiro.pt\/multimedia\/biblioteca\/2023\/06\/27\/4a-feira-do-livro-usado\/\"><\/a>\n                    <img decoding=\"async\" width=\"1920\" height=\"2560\" src=\"https:\/\/www.esmcargaleiro.pt\/multimedia\/biblioteca\/wp-content\/uploads\/2023\/06\/4a-Feira-do-Livro-Usado3-scaled.jpg\" class=\"attachment- size- wp-post-image\" alt=\"\" loading=\"lazy\" \/>\n                <\/div>\n            <\/div><div class=\"ebpg-entry-wrapper\"><header class=\"ebpg-entry-header\">\n            <h2 class=\"ebpg-entry-title\">\n                <a class=\"ebpg-grid-post-link\" href=\"https:\/\/www.esmcargaleiro.pt\/multimedia\/biblioteca\/2023\/06\/27\/4a-feira-do-livro-usado\/\" title=\"4\u00aa Feira do Livro Usado\">4\u00aa Feira do Livro Usado<\/a>\n            <\/h2>\n        <\/header><div class=\"ebpg-entry-content\"><div class=\"ebpg-grid-post-excerpt\">\n            <p>De 27 e 31 de mar\u00e7o &#8230;<\/p>\n        <\/div><div class=\"ebpg-readmore-btn\">\n            <a href=\"https:\/\/www.esmcargaleiro.pt\/multimedia\/biblioteca\/2023\/06\/27\/4a-feira-do-livro-usado\/\">Ler mais<\/a>\n        <\/div><\/div><\/div><\/div><\/article><article class=\"ebpg-grid-post ebpg-post-grid-column\" data-id=\"1428\"><div class=\"ebpg-grid-post-holder\"><div class=\"ebpg-entry-media\">\n                <div class=\"ebpg-entry-thumbnail\">\n                    <a class=\"ebpg-post-link-wrapper\" href=\"https:\/\/www.esmcargaleiro.pt\/multimedia\/biblioteca\/2023\/06\/27\/dia-da-memoria-27-janeiro\/\"><\/a>\n                    <img decoding=\"async\" width=\"2560\" height=\"1920\" src=\"https:\/\/www.esmcargaleiro.pt\/multimedia\/biblioteca\/wp-content\/uploads\/2023\/06\/IMG_20230220_103426-scaled.jpg\" class=\"attachment- size- wp-post-image\" alt=\"\" loading=\"lazy\" \/>\n                <\/div>\n            <\/div><div class=\"ebpg-entry-wrapper\"><header class=\"ebpg-entry-header\">\n            <h2 class=\"ebpg-entry-title\">\n                <a class=\"ebpg-grid-post-link\" href=\"https:\/\/www.esmcargaleiro.pt\/multimedia\/biblioteca\/2023\/06\/27\/dia-da-memoria-27-janeiro\/\" title=\"Dia da Mem\u00f3ria - 27 janeiro\">Dia da Mem\u00f3ria &#8211; 27 janeiro<\/a>\n            <\/h2>\n        <\/header><div class=\"ebpg-entry-content\"><div class=\"ebpg-grid-post-excerpt\">\n            <p>Palestra sobre o Holocausto e Direitos Humanos&#8230;<\/p>\n        <\/div><div class=\"ebpg-readmore-btn\">\n            <a href=\"https:\/\/www.esmcargaleiro.pt\/multimedia\/biblioteca\/2023\/06\/27\/dia-da-memoria-27-janeiro\/\">Ler mais<\/a>\n        <\/div><\/div><\/div><\/div><\/article><article class=\"ebpg-grid-post ebpg-post-grid-column\" data-id=\"1420\"><div class=\"ebpg-grid-post-holder\"><div class=\"ebpg-entry-media\">\n                <div class=\"ebpg-entry-thumbnail\">\n                    <a class=\"ebpg-post-link-wrapper\" href=\"https:\/\/www.esmcargaleiro.pt\/multimedia\/biblioteca\/2023\/06\/27\/workshop-sobre-seguranca-na-internet\/\"><\/a>\n                    <img decoding=\"async\" width=\"2560\" height=\"1920\" src=\"https:\/\/www.esmcargaleiro.pt\/multimedia\/biblioteca\/wp-content\/uploads\/2023\/06\/IMG_20230222_143729-scaled.jpg\" class=\"attachment- size- wp-post-image\" alt=\"\" loading=\"lazy\" \/>\n                <\/div>\n            <\/div><div class=\"ebpg-entry-wrapper\"><header class=\"ebpg-entry-header\">\n            <h2 class=\"ebpg-entry-title\">\n                <a class=\"ebpg-grid-post-link\" href=\"https:\/\/www.esmcargaleiro.pt\/multimedia\/biblioteca\/2023\/06\/27\/workshop-sobre-seguranca-na-internet\/\" title=\"Workshop sobre Seguran\u00e7a na Internet\">Workshop sobre Seguran\u00e7a na Internet<\/a>\n            <\/h2>\n        <\/header><div class=\"ebpg-entry-content\"><div class=\"ebpg-grid-post-excerpt\">\n            <p>Atividade inserida nas iniciativas do projeto Erasmus Success for Every Child&#8230;<\/p>\n        <\/div><div class=\"ebpg-readmore-btn\">\n            <a href=\"https:\/\/www.esmcargaleiro.pt\/multimedia\/biblioteca\/2023\/06\/27\/workshop-sobre-seguranca-na-internet\/\">Ler mais<\/a>\n        <\/div><\/div><\/div><\/div><\/article><article class=\"ebpg-grid-post ebpg-post-grid-column\" data-id=\"1382\"><div class=\"ebpg-grid-post-holder\"><div class=\"ebpg-entry-media\">\n                <div class=\"ebpg-entry-thumbnail\">\n                    <a class=\"ebpg-post-link-wrapper\" href=\"https:\/\/www.esmcargaleiro.pt\/multimedia\/biblioteca\/2023\/06\/27\/livros-afetos-e-memorias\/\"><\/a>\n                    <img decoding=\"async\" width=\"2560\" height=\"1920\" src=\"https:\/\/www.esmcargaleiro.pt\/multimedia\/biblioteca\/wp-content\/uploads\/2023\/06\/IMG_20230324_102234-scaled.jpg\" class=\"attachment- size- wp-post-image\" alt=\"\" loading=\"lazy\" \/>\n                <\/div>\n            <\/div><div class=\"ebpg-entry-wrapper\"><header class=\"ebpg-entry-header\">\n            <h2 class=\"ebpg-entry-title\">\n                <a class=\"ebpg-grid-post-link\" href=\"https:\/\/www.esmcargaleiro.pt\/multimedia\/biblioteca\/2023\/06\/27\/livros-afetos-e-memorias\/\" title=\"Livros, Afetos e Mem\u00f3rias\">Livros, Afetos e Mem\u00f3rias<\/a>\n            <\/h2>\n        <\/header><div class=\"ebpg-entry-content\"><div class=\"ebpg-grid-post-excerpt\">\n            <p>Inserida nas comemora\u00e7\u00f5es da 17\u00aa Semana da Leitura e da iniciativa Escola a Ler decorreram sess\u00f5es da atividade Tempo para&#8230;<\/p>\n        <\/div><div class=\"ebpg-readmore-btn\">\n            <a href=\"https:\/\/www.esmcargaleiro.pt\/multimedia\/biblioteca\/2023\/06\/27\/livros-afetos-e-memorias\/\">Ler mais<\/a>\n        <\/div><\/div><\/div><\/div><\/article><article class=\"ebpg-grid-post ebpg-post-grid-column\" data-id=\"1377\"><div class=\"ebpg-grid-post-holder\"><div class=\"ebpg-entry-media\">\n                <div class=\"ebpg-entry-thumbnail\">\n                    <a class=\"ebpg-post-link-wrapper\" href=\"https:\/\/www.esmcargaleiro.pt\/multimedia\/biblioteca\/2023\/06\/27\/24-de-outubro-dia-nacional-das-be\/\"><\/a>\n                    <img decoding=\"async\" width=\"900\" height=\"1600\" src=\"https:\/\/www.esmcargaleiro.pt\/multimedia\/biblioteca\/wp-content\/uploads\/2023\/06\/IMG-20221025-WA0010.jpg\" class=\"attachment- size- wp-post-image\" alt=\"\" loading=\"lazy\" \/>\n                <\/div>\n            <\/div><div class=\"ebpg-entry-wrapper\"><header class=\"ebpg-entry-header\">\n            <h2 class=\"ebpg-entry-title\">\n                <a class=\"ebpg-grid-post-link\" href=\"https:\/\/www.esmcargaleiro.pt\/multimedia\/biblioteca\/2023\/06\/27\/24-de-outubro-dia-nacional-das-be\/\" title=\"24 de outubro Dia nacional das BE\">24 de outubro Dia nacional das BE<\/a>\n            <\/h2>\n        <\/header><div class=\"ebpg-entry-content\"><div class=\"ebpg-grid-post-excerpt\">\n            <p>Ler para a Paz e Harmonia Globais&#8230;<\/p>\n        <\/div><div class=\"ebpg-readmore-btn\">\n            <a href=\"https:\/\/www.esmcargaleiro.pt\/multimedia\/biblioteca\/2023\/06\/27\/24-de-outubro-dia-nacional-das-be\/\">Ler mais<\/a>\n        <\/div><\/div><\/div><\/div><\/article><div class=\"ebpg-pagination \"><button class=\"ebpg-pagination-item-previous\">\n                    &lt;\n                <\/button><button class=\"ebpg-pagination-item active\" data-pagenumber=\"1\">\n                        1\n                    <\/button><button class=\"ebpg-pagination-item \" data-pagenumber=\"2\">\n                        2\n                    <\/button><button class=\"ebpg-pagination-item \" data-pagenumber=\"3\">\n                        3\n                    <\/button><button class=\"ebpg-pagination-item \" data-pagenumber=\"4\">\n                        4\n                    <\/button><button class=\"ebpg-pagination-item \" data-pagenumber=\"5\">\n                        5\n                    <\/button><button class=\"ebpg-pagination-item \" data-pagenumber=\"6\">\n                        6\n                    <\/button><button class=\"ebpg-pagination-item \" data-pagenumber=\"7\">\n                        7\n                    <\/button><button class=\"ebpg-pagination-item-next\">\n                    &gt;\n                <\/button><\/div>    <\/div>\n<\/div>\n","protected":false},"excerpt":{"rendered":"<p><span class=\"more-link\"><a href=\"https:\/\/www.esmcargaleiro.pt\/multimedia\/biblioteca\/\">Ler mais<\/a><\/span><\/p>\n","protected":false},"author":1,"featured_media":0,"parent":0,"menu_order":0,"comment_status":"closed","ping_status":"closed","template":"","meta":{"_eb_attr":""},"_links":{"self":[{"href":"https:\/\/www.esmcargaleiro.pt\/multimedia\/biblioteca\/wp-json\/wp\/v2\/pages\/806"}],"collection":[{"href":"https:\/\/www.esmcargaleiro.pt\/multimedia\/biblioteca\/wp-json\/wp\/v2\/pages"}],"about":[{"href":"https:\/\/www.esmcargaleiro.pt\/multimedia\/biblioteca\/wp-json\/wp\/v2\/types\/page"}],"author":[{"embeddable":true,"href":"https:\/\/www.esmcargaleiro.pt\/multimedia\/biblioteca\/wp-json\/wp\/v2\/users\/1"}],"replies":[{"embeddable":true,"href":"https:\/\/www.esmcargaleiro.pt\/multimedia\/biblioteca\/wp-json\/wp\/v2\/comments?post=806"}],"version-history":[{"count":29,"href":"https:\/\/www.esmcargaleiro.pt\/multimedia\/biblioteca\/wp-json\/wp\/v2\/pages\/806\/revisions"}],"predecessor-version":[{"id":1460,"href":"https:\/\/www.esmcargaleiro.pt\/multimedia\/biblioteca\/wp-json\/wp\/v2\/pages\/806\/revisions\/1460"}],"wp:attachment":[{"href":"https:\/\/www.esmcargaleiro.pt\/multimedia\/biblioteca\/wp-json\/wp\/v2\/media?parent=806"}],"curies":[{"name":"wp","href":"https:\/\/api.w.org\/{rel}","templated":true}]}}